v be f(-1). Let c(k) = 4*k**2 - 10*k + 3. What is the tens digit of c(v)?
7
Suppose -30 = 5*a - 5*j, -7*a - j + 4 = -6*a. What is the hundreds digit of (-1)/a*(-83820)/(-60)?
3
Suppose -57 = -5*m + 18. Suppose r - 4*r - m = 0, -5*r - 106 = -x. Let v = 8 + x. What is the tens digit of v?
8
Let d = 20 - 18. Suppose 16 = -6*w - d*w. What is the units digit of (-3)/w*(-4)/(-1)?
6
Suppose -460*g - 1817200 = -504*g. What is the units digit of g?
0
Let j(t) = -22*t**3 + 25*t**2 + 15*t - 5. What is the tens digit of j(-5)?
9
Let q = -15 - -21. Suppose -q*f + 7*f = 243. Suppose -24*s + 21*s + f = 0. What is the units digit of s?
1
Let j(l) = -20*l + 24. Let b be j(3). Let y be 47/9 - (-8)/b. Suppose 4*i - y*q = -q + 580, -4*i = 5*q - 544. What is the tens digit of i?
4
Suppose -4*t = 16, 8*t - 10*t - 2168 = -2*k. Suppose 76*u = 70*u + k. What is the tens digit of u?
8
Let n(b) = 4*b + 53. Let m = 122 - 134. Let a be n(m). What is the units digit of a + (281 - 4) - 1?
1
Suppose 0 = -95*m + 278735 + 519835. What is the hundreds digit of m?
4
Suppose 23008 = 4*p + 2*r, 3*p + 2302 = -5*r + 19537. What is the hundreds digit of p?
7
Let z(p) = p**3 + 35*p**2 + 12*p - 84. What is the tens digit of z(-14)?
6
Let d be (-6)/27 - (249/(-27) + 3). Suppose q + 9 = 2*t - 0*q, 3*t + d = -5*q. What is the units digit of ((-1)/(-1))/(t/381)?
7
Let j(k) = 2. Let r(a) = -69*a - 92. Let v(b) = 46*j(b) + r(b). Let p be v(-2). Let q = p - 117. What is the units digit of q?
1
Let t = 10165 + -2673. What is the thousands digit of t?
7
Let c = -287 - -324. What is the tens digit of c?
3
Let q = -135 + 201. Suppose -64*v - 790 = -q*v. What is the units digit of v?
5
Let c = 46 + -36. Suppose -22 = c*y + 18. What is the units digit of (-34)/y*12/2?
1
Let g be (-92)/(-10) + (1/(-5))/1. Suppose 708 = -g*k + 1788. What is the tens digit of k?
2
Suppose -69*m + 24153 = -66*m. What is the hundreds digit of m?
0
Suppose -5*f - 6*f = -54648. Let t = f + -3493. What is the hundreds digit of t?
4
Suppose 0 = 2*x - 0*x - 14. Suppose x*w = 5*w + 144. Suppose 5*f - w = -3*f. What is the units digit of f?
9
Suppose -16*j = -10*j - 54. Let r(y) = -y**2 + 6*y + 11. Let l(m) = 2*m**2 - 12*m - 22. Let d(f) = j*r(f) + 4*l(f). What is the units digit of d(5)?
6
Let o(g) = 186*g**3 + 5*g**2 + 21*g - 6. What is the units digit of o(4)?
2
Suppose 16 = -2*c, -3*q - 5*c = 15204 - 133055. What is the tens digit of q?
9
Suppose 4*d - 393 = d. Let h(z) = -80*z + 1887. Let a be h(20). Let r = a - d. What is the units digit of r?
6
Suppose 24*a + 22*a - 127651 = 130317. What is the hundreds digit of a?
6
Let i be 184/44 + -4 - 328/(-11). Suppose 27*k = i*k - 9. Suppose -k*c + 72 = 5*c. What is the units digit of c?
9
Let f(y) = -8*y**2 - y - 91. Let z(h) = -23*h**2 - 3*h - 277. Let v(k) = 17*f(k) - 6*z(k). What is the hundreds digit of v(-10)?
3
Suppose -1444 = -2*q + y - 126, -3*y = -5*q + 3293. What is the hundreds digit of (0 - q)/(-86 - -85)?
6
What is the units digit of (-1001143)/(-1001)*7/1?
1
Suppose 42 = p + o, 72 = 5*p - 3*p + 5*o. Let t be p/((8/12)/1). Let r = t + -6. What is the tens digit of r?
6
Let p(a) = 10*a + 384. Let w be p(-39). What is the tens digit of w/(-14) - (-172360)/280?
1
Suppose -u = 5*p - 36489, 2*p - 4*u = 875 + 13747. What is the units digit of p?
9
Let d(u) = u**3 - 37*u**2 - 64*u + 423. What is the hundreds digit of d(41)?
5
Let c(w) be the first derivative of 1/4*w**4 - 4*w**3 - 21*w + 23/2*w**2 + 15. What is the units digit of c(10)?
9
Let m be 408/(-21) + 3/7 - -3. What is the tens digit of (-4024)/m + 4/8?
5
Let q = 34229 - 20602. What is the hundreds digit of q?
6
Suppose -29*r = -25*r - 448. Let d = -32 + r. What is the units digit of (18/(-8))/(15/d*-2)?
6
Let z(c) = 3*c**3 - 3*c**2 + 7*c + 1. Suppose -2*x + 5*g + 18 = 0, -4*x + 5*g - g = -24. What is the tens digit of z(x)?
7
Let y = 12244 - 6278. What is the units digit of y?
6
Let f be ((-1)/3)/(3 - 2750/915). Suppose 12*l + f = 1765. What is the units digit of l?
2
What is the thousands digit of (232 + -3)/(3 - (3/(-78) + 3))?
5
Let t(b) = -2*b + 18. Let z be t(-12). Let g = z - 27. Suppose 0 = 2*l - 53 - g. What is the tens digit of l?
3
Let r(x) = -x**3 + 15*x**2 - 4*x - 126. What is the units digit of r(-17)?
0
Suppose 17 = -11*w + 35888. Suppose -5*j - 4*l + 3249 = 0, 5*j - 21*l - w = -22*l. What is the units digit of j?
3
Let l(k) = 89*k**2 + 657*k + 15. What is the thousands digit of l(-19)?
9
Suppose -19*z + 0*z = -133. Let p(r) = 23*r + 101. What is the hundreds digit of p(z)?
2
Let u(p) be the second derivative of -9*p**5/20 + 8*p**3/3 + 13*p**2 + 25*p - 2. What is the units digit of u(-4)?
8
Suppose 13846 = 9*f + 5*f. Suppose 2*w = -z - 2*z + 1003, 0 = -3*z + 5*w + f. What is the units digit of z?
3
Let m be 3/(-6)*(-1 - -1). Suppose 0 = -17*k - 9*k + 936. Suppose -4*w + w + k = m. What is the tens digit of w?
1
Let l = 4566 - -6591. What is the ten thousands digit of l?
1
Let m = -1065 - -3059. Let c = m - 704. What is the units digit of c?
0
Suppose 20*u + 73041 - 578788 = -40047. What is the thousands digit of u?
3
Let y(r) = -835*r - 34. Let u be y(-2). Let b = u + -554. What is the thousands digit of b?
1
What is the ten thousands digit of ((3 + -9)/12)/((-987045)/(-197410) - 5)?
1
Let a(t) = 60*t + 2. Suppose -4*w + 3*w + 2 = 3*c, -c - 3 = 4*w. Let r(j) = j. Let y(l) = c*a(l) - 6*r(l). What is the units digit of y(1)?
6
Let l(p) = 36*p + 48. Let a be l(-6). What is the tens digit of -38*a/16*1?
9
Suppose -4*m - 57 = 5*a, m - 5*a + 30 = -a. What is the units digit of (-4)/m - (69630/(-135) + -2)?
8
Let d = 185 + 597. Suppose -18 = -w + d. What is the hundreds digit of w?
8
Suppose -31*r - 1695 = -34*r. Let l = 843 - r. Let g = l - 155. What is the hundreds digit of g?
1
Let m = 30920 + -29002. What is the tens digit of m?
1
Suppose -3*z + 5*u + 32 = 0, -3*z - 9*u + 8*u = -8. Suppose 1892 = z*f + 224. What is the units digit of f?
7
Let z be (-1)/(-6*(-6)/3708). Let w = -95 - z. What is the units digit of w?
8
Let n = -143 - -32. Let z = 156 - n. What is the units digit of z?
7
Let j = 74444 - 42665. What is the tens digit of j?
7
Suppose -1582 = 4*q + 3*q. Let m = 1391 - q. What is the hundreds digit of m?
6
Let p(q) = -32*q**2 + 11*q + 48. Let i be p(-8). Let v = i + 3002. What is the hundreds digit of v?
9
Let g be ((-30)/9)/(32/(-144)). What is the hundreds digit of (-2842)/(-5) + (-8)/(-200)*g?
5
Suppose -11116 - 762 = -17*l + 7570. What is the units digit of l?
4
Let w be ((-1216)/24)/((-228)/(-117) - 2). Let d = w - 687. What is the hundreds digit of d?
3
Suppose 15*u - 13*u = 0. Suppose 42*p - 43*p + 4 = u. What is the tens digit of (-24)/(-6)*((-890)/p)/(-5)?
7
Let c(q) be the third derivative of q**5/20 + q**4/3 - 3*q**3/2 + 26*q**2. Let r = -11 + 4. What is the tens digit of c(r)?
8
Let h be (-3 - -57)/(1/2). Let o = -210 + h. Let s = -47 - o. What is the tens digit of s?
5
Suppose 0 = -4*i + 67 - 47, 76 = 3*z + 2*i. Suppose -14*a - 4296 = -z*a. What is the tens digit of a?
3
What is the units digit of (-2295 + (3 + -2)*-9)*74/(-4)?
4
Let l(k) = k**3 - 11*k**2 - 6*k + 46. Suppose 0 = -3*n + 15, 5*o - 45 = 7*n - 3*n. What is the units digit of l(o)?
6
Let p(q) = -1014*q - 3018. What is the tens digit of p(-39)?
2
What is the tens digit of (3010/(-258))/(10/(-31038))?
1
Let x(s) be the second derivative of -s**5/2 - s**4/6 + 2*s**2 + 8*s. Let l be x(-2). Let g = l + -28. What is the tens digit of g?
4
Let s = 38 - 36. Let n = s + 30. Suppose 4*g + 5*k - 31 + 9 = 0, 4*k - n = -5*g. What is the units digit of g?
8
Let v(n) = -87*n - 83. Suppose 2*b - 4*d = -10, 4*b + 5*d + 12 = 3*b. What is the hundreds digit of v(b)?
5
Let d(o) = 0*o**2 + 8 + 2*o**3 - 6*o**2 - 7 - 4*o**3. Let m be d(-3). Suppose -3*u + m - 19 = -y, -104 = -3*y - u. What is the units digit of y?
3
Let u be 95/30 - (-4)/(-24). Suppose 3*p - 21 = -5*v, -3*p = u*v - 17 + 2. Suppose -l + w = 3*l - 479, -v*l = -5*w - 372. What is the hundreds digit of l?
1
Let l = -3426 - -9905. What is the thousands digit of l?
6
What is the tens digit of (-1136442)/(-48) - 3 - 4/(-32)?
7
Suppose -151*x - 12 = -149*x. What is the units digit of ((-2)/x - 70057/(-51)) + 4?
8
Suppose -3*w = 5*z + 874, w = -22*z + 17*z - 308. What is the hund